 = 0. List the prime factors of x.
2, 47
Suppose 4*h = -4*d + d - 844, 4*h + d + 844 = 0. Let p(y) = 47*y - 72. Let v be p(8). Let r = h + v. What are the prime factors of r?
3, 31
Let p = 70 - 5. Let r(g) = 22*g - 13 + 3*g**2 - p*g + 14*g. What are the prime factors of r(13)?
3, 13
Let k(b) = 2*b + 24. Let u be k(-9). Suppose u*n = 19*n - 5876. List the prime factors of n.
2, 113
Let y be (-8)/60*3*10. Let u be y/16*4/1. List the prime factors of (4 + -2*106)*u.
2, 13
Let o(x) = 4*x - 2. Let f(b) = 10*b - 4. Let p(i) = 6*f(i) - 14*o(i). Suppose -3*k + 16 = -5. List the prime factors of p(k).
2
Let c = 19205 - 9883. What are the prime factors of c?
2, 59, 79
Let h be 53000/75 + 2/(-3). Suppose 3*f + 0*b + 5*b - h = 0, -3*f + 666 = -3*b. What are the prime factors of f?
227
What are the prime factors of -842*(-24)/(-8)*12/(-8)?
3, 421
Let h be -1*((-4)/6)/((-26)/(-117)). Suppose 0 = 3*t - 4*l - 60, -5*t = h*l - 2*l - 100. Let y = 66 + t. What are the prime factors of y?
2, 43
Suppose 2*l + 0*l = -10*l. Suppose -4*z - b + 845 = l, -z - 1025 = -6*z + 5*b. List the prime factors of z.
2, 3, 5, 7
Suppose 0 = 4*k - 41 + 17. List the prime factors of k.
2, 3
Let z = 1861 - 1259. Suppose -5*s + z = 67. Suppose 2*o + s = r - 9, -3*o = 3. What are the prime factors of r?
2, 3, 19
Let y = -382 - -384. List the prime factors of ((-200)/15)/(y/(-72)).
2, 3, 5
Suppose 18*c + 6 = 20*c. Suppose 798 = 4*i + 5*g, -2*i - c*g = i - 600. What are the prime factors of 22/187 - i/(-17)?
2, 3
Let p(v) = -v**3 + 9*v**2 - 17*v + 2. Let h be p(6). Let b(y) = -15*y - 2 + h*y + 29*y. What are the prime factors of b(6)?
2, 5, 13
Let r(m) = m**3 - 51*m**2 + 50*m + 4. Let g be r(50). Suppose 5*i = 3*z + 2131 + 3149, -5*i + g*z + 5280 = 0. List the prime factors of i.
2, 3, 11
Suppose -k + 5*b = -0*k - 10314, -5*b = -4*k + 41286. Suppose 0 = -21*d - 2869 + k. List the prime factors of d.
5, 71
Let r(l) = 3*l**2 - 254*l + 83. List the prime factors of r(105).
2, 811
Let w(o) = -30*o - 8. Let b be w(-5). Suppose 148*p - 1638 = b*p. List the prime factors of p.
3, 7, 13
Suppose 4*q - 257 = -5*r, -q - 3*q + 4*r = -284. What are the prime factors of (-61)/(4 + q/(-16))?
2, 61
Let p be ((-2)/(-6))/(-2 + 1)*0. Suppose p = -4*n + 20*n + 80. Let c(w) = -w**2 - 12*w - 29. What are the prime factors of c(n)?
2, 3
Suppose z = 4*y + 11, -y - 4*y = 3*z - 84. Suppose z*m - 5460 = -5*m. List the prime factors of m.
3, 5, 13
Let h(w) = 11*w**3 - 11*w**2 + 69*w - 27. List the prime factors of h(8).
7, 19, 41
Let r(m) = 5*m + 2. Let f be r(-3). Let i(y) = -2*y**3 - 26*y**2 - 28*y - 2. List the prime factors of i(f).
2, 181
Suppose 18*j - 36 = 90. Suppose -j*l - 7781 = -38*l. List the prime factors of l.
251
Suppose -5*z + 4*g + 92198 = 0, -13*z + 18420 = -12*z + 2*g. List the prime factors of z.
2, 13, 709
Suppose -104*w + 4875 = -99*w. List the prime factors of (w/(-10))/(-13)*84.
2, 3, 5, 7
Let s(w) = 456*w - 98. Let d be s(2). Suppose 5*a = 4*h - d, -61*h - 2*a = -63*h + 408. What are the prime factors of h?
2, 103
Suppose 3*y = 3*d + 1206, -2*d + 365 + 1638 = 5*y. Suppose 2*t = -4*m + 806, -t + y = -0*t + 4*m. List the prime factors of t.
3, 5
Let o(p) be the first derivative of p**4/4 + 9*p**3 + 41*p**2/2 - 34*p - 41. What are the prime factors of o(-25)?
191
Let z(y) = -y**2 + 22*y - 43. Let x be z(22). Let o = 21 - x. List the prime factors of o.
2
Suppose 0*z + 7 = 2*r - z, 5*r = -4*z - 2. Let u(n) = 61*n + 22. Let f be u(-1). Let h = r - f. What are the prime factors of h?
41
What are the prime factors of (693996/33 - 46/253) + -9?
3, 7, 11, 13
Let w(u) = -u**2 + 7*u - 7. Let d be w(5). Suppose 3*t = 2*s + 15, -d*t + 2*s = -2*t - 5. Suppose -t*y + 143 = 6*y. What are the prime factors of y?
13
Suppose -4*g + 0*g + 849 = -3*c, -2*g - 4*c = -430. Let u = g + -97. List the prime factors of u.
2, 29
List the prime factors of (1181 + -33)*(-6)/(-21).
2, 41
Suppose 19*c - 48 = 180. Let d(n) = 74*n + 14. What are the prime factors of d(c)?
2, 11, 41
Suppose 5*h + 28*h - 693 = 0. Let m(u) = 34*u + 30. List the prime factors of m(h).
2, 3, 31
Let x = 6574 + -2583. Suppose -y = 5*v + 1569 - x, 2*v - 955 = -5*y. List the prime factors of v.
5, 97
Let r = 135 - 120. Let y(m) = m**3 - 22*m + 35. Let z be y(r). Suppose -21*v + 10*v + z = 0. What are the prime factors of v?
2, 5, 7
Let s(t) = -t**3 + 4*t**2 - 5*t + 10. Let b be s(4). Let c be 5/b*(-7 - (0 - 1)). Suppose c*o + 36 = 222. What are the prime factors of o?
2, 31
Let g(j) = 11*j - 148. Let k(d) = -d**3 + 8*d**2 - 3*d - 8. Let o be k(7). What are the prime factors of g(o)?
2, 3
Let p(c) = c**3 - 7*c**2 + 7*c - 5. Let b be p(6). Let g be (72/((-2)/b))/(-2). Let t(j) = j**2 - 18*j + 27. What are the prime factors of t(g)?
3
List the prime factors of 2411*3*9/(-36)*-4.
3, 2411
Suppose 0 = -67*m + 17844 - 18445 + 50315. List the prime factors of m.
2, 7, 53
Let m be ((-6 - -324) + -1)*-1. Let f = m - -874. List the prime factors of f.
557
Let f be (-2)/1 + 5/(-1). Let i(h) = -14*h + 10. Let n be i(f). Suppose -8*k + 4*l = -3*k - n, -4*k + 5*l = -81. List the prime factors of k.
2, 3
Let w be 182/62 - (-10)/155. Suppose -s + w*s - 222 = 0. What are the prime factors of s?
3, 37
Suppose -3*o = -4*r - 2367 - 1162, -5874 = -5*o - r. What are the prime factors of o?
5, 47
Suppose 2*t - t - 2*h = 10083, 10083 = t - 4*h. What are the prime factors of t?
3, 3361
Suppose 4*b - 32997 = -k, 0 = 95*b - 92*b - 2*k - 24756. List the prime factors of b.
2, 3, 5, 11
Suppose -3*y = 9, -5*m - 2*y + 777 = -1882. Suppose m = 4*w - 3*u + 201, 0 = -4*w - 3*u + 356. What are the prime factors of w?
2, 43
Let w(h) = h + 49. Let v be w(-44). Suppose q - 6803 = -v*t + 1379, -2*t - 3*q + 3265 = 0. What are the prime factors of t?
1637
Suppose 3*o - 195*r = -199*r + 34150, 0 = 3*o - 4*r - 34190. What are the prime factors of o?
2, 5, 17, 67
Let z(h) = -151*h - 133. Let n be z(4). List the prime factors of ((-9)/(12/4) - n)/1.
2, 367
Let g = 46 - 44. Suppose g*l - 5*u - 18 - 11 = 0, -3*l + 2*u + 38 = 0. Let z = 49 + l. What are the prime factors of z?
61
Suppose 35*w + 43742 = 14*w + 23*w. List the prime factors of w.
21871
Let b(s) = 1603*s**2 + 19*s - 52. Let q be b(3). Suppose 0 = 8*t + 8*t - q. List the prime factors of t.
2, 11, 41
What are the prime factors of (-2 - -1739)/((-138)/(-644))?
2, 3, 7, 193
Let t = 2748 + -3046. Suppose 0*d - 421 = -d. Let i = d + t. What are the prime factors of i?
3, 41
Let a(o) = -10*o - 10. Let j(m) = m**2 - 13*m + 4. Let d be j(12). Let k be a(d). Suppose t + 65 = k. List the prime factors of t.
5
Let r(k) = -k + 7. Let h be r(7). Suppose -7*n + 1106 = -h*n. Suppose 4*q - n + 62 = 0. List the prime factors of q.
2, 3
Suppose -3 = -3*r, 0 = -4*t + 3*r + 9 + 8. Suppose 0 = t*k + g - 4835, 8*k - 3*g = 5*k + 2883. List the prime factors of k.
2, 3, 7, 23
Suppose -2*q - 4*c + 37662 = 0, 2*q - 3*c + 19594 = 57298. What are the prime factors of q?
3, 11, 571
Suppose -17*r - 4 + 327 = 0. Suppose p + r*f - 14*f = 1087, p - 1085 = -3*f. What are the prime factors of p?
2, 541
Let o(p) = 9*p - 15. Let y(g) = -4*g + 8. Let a(n) = 3*o(n) + 7*y(n). Let k be a(13). List the prime factors of -1 + -12*13*1/k.
7, 11
What are the prime factors of 6 + -236*(-6 - 3)?
2, 3, 5, 71
Let z = 582 - 395. Let x = 210 - z. List the prime factors of x.
23
Let d = 245 + -231. List the prime factors of 10/d + (-122634)/(-567).
7, 31
What are the prime factors of (-67)/((-1809)/123228) + 0 + 4?
2, 571
Suppose o = 5, 0 = 5*u - 3*o + 2*o + 85. Let i(n) = -n**2 - 26*n - 6. Let l be i(u). Suppose 3*p + 37 - l = 0. What are the prime factors of p?
3, 13
Let b(q) = q**3 + 9*q**2 - 24*q - 19. Let u be b(-11). Let y(s) = s - u*s - 3*s + s**2 - 10 + 3*s. List the prime factors of y(-8).
2, 5, 7
Let w = -46333 + 69338. What are the prime factors of w?
5, 43, 107
Let q = -10150 + 21320. What are the prime factors of q?
2, 5, 1117
Let b(l) = -995*l + 256. List the prime factors of b(-10).
2, 3, 7
Let m be 2276/(-12)*(0 - 0 - 3). Let r = -219 + m. What are the prime factors of r?
2, 5, 7
Suppose -5*z + 7*z = 0. Suppose 0 = -k - w - 27, 5*k - 2*w - w + 103 = z. List the prime factors of (-24 + 1)/(23/k).
23
List the prime factors of ((-1503)/15 + -3)*(-476 + -20 + 21).
2, 3, 